3964b (base 12) to base 14
-20963
What is 365a451 (base 12) in base 11?
5a71341
What is -6b41b2 (base 12) in base 2?
-110100101111100010110
Convert 7222178 (base 9) to base 12.
1359845
276ee (base 15) to base 6
2413225
What is 33423351 (base 6) in base 13?
29686c
Convert -65531 (base 14) to base 8.
-736767
-240304535 (base 6) to base 9
-8423415
Convert -213110231 (base 5) to base 16.
-de2f2
-14130203 (base 7) to base 3
-2110222022002
-1034223 (base 7) to base 13
-45675
What is -13424a (base 16) in base 15?
-19de89
Convert 2b3686 (base 13) to base 5.
233030342
Convert 203b937 (base 12) to base 13.
133ca77
Convert -1145355 (base 7) to base 8.
-435052
Convert -130321320 (base 4) to base 15.
-2512c
What is -85aa1 (base 12) in base 5?
-21113324
2346758 (base 10) to base 9
4366128
Convert -32455524 (base 7) to base 5.
-1203142023
-11425771 (base 9) to base 7
-65220151
What is 1502403 (base 6) in base 9?
141113
-231204420 (base 5) to base 6
-34130022
-3010301224 (base 5) to base 7
-101356244
-30220211 (base 4) to base 2
-1100101000100101
-39243a (base 12) to base 10
-937198
What is -1100144112 (base 6) in base 8?
-54716454
-316570 (base 9) to base 11
-11972a
23515434 (base 6) to base 10
741262
What is 20a26a (base 12) in base 10?
515314
-221b3 (base 14) to base 5
-10121143
Convert 5333566 (base 8) to base 13.
3aaa58
What is -10321532 (base 6) in base 16?
-4ac60
Convert 1100203221 (base 4) to base 16.
508e9
Convert 1001000011101111010 (base 2) to base 10.
296826
3d509 (base 15) to base 5
22300014
What is -1483aa8 (base 13) in base 6?
-352210532
-858557 (base 11) to base 15
-1c1bd8
-1106531 (base 8) to base 2
-1001000110101011001
What is 967399 (base 10) in base 2?
11101100001011100111
21012222101 (base 3) to base 10
142138
24425364 (base 7) to base 15
2d4580
1555400 (base 6) to base 8
266070
Convert 1131020213 (base 4) to base 8.
1351047
Convert -151d9 (base 15) to base 12.
-33389
What is -32002332 (base 5) in base 7?
-2155262
What is 15142224 (base 6) in base 5?
113323241
What is d3b1 (base 16) in base 4?
31032301
36254072 (base 8) to base 14
10b0198
-14113342 (base 5) to base 15
-2cdb7
What is 2c53 (base 13) in base 14?
2518
What is 111100111110111100010 (base 2) in base 3?
10202112011100
Convert -1122114 (base 5) to base 8.
-47474
What is -31003330333 (base 4) in base 3?
-20102221221011
220130003 (base 4) to base 5
20300020
-1941215 (base 10) to base 6
-105335035
What is 352026 (base 11) in base 6?
15552104
-145601 (base 7) to base 2
-110111100000101
What is 16b13b (base 14) in base 6?
25041533
What is -b66a3b (base 12) in base 6?
-141330515
What is 113156640 (base 7) in base 14?
cd6dc7
Convert -3341575 (base 9) to base 14.
-34b820
222870 (base 9) to base 3
20202222100
What is -1cb11 (base 15) in base 5?
-10443431
What is 55512231 (base 6) in base 9?
3130741
-26666536 (base 9) to base 11
-74740a4
Convert 345126 (base 7) to base 10.
61809
Convert 445511303 (base 6) to base 14.
111239d
22111303 (base 6) to base 12
27b533
What is -2200002221122 (base 3) in base 11?
-88a3a7
Convert -4503626 (base 8) to base 5.
-302324413
Convert -8608a9 (base 15) to base 14.
-bc148d
Convert -5ca51 (base 16) to base 12.
-163729
Convert -1284673 (base 10) to base 8.
-4715101
Convert 831a7 (base 12) to base 2.
101001110101001111
What is -2871b (base 13) in base 6?
-1343225
What is 31153550 (base 6) in base 4?
3130013022
What is -73126 (base 13) in base 5?
-23103334
Convert -2567633 (base 8) to base 15.
-e254e
-1b689e (base 15) to base 6
-44404305
Convert 291400 (base 16) to base 7.
31611451
What is -1102033200 (base 4) in base 11?
-210100
Convert -1010003101 (base 4) to base 13.
-99b44
Convert -497a59 (base 14) to base 3.
-11201221102220
-135cac (base 14) to base 3
-1021000002202
-d6cd (base 15) to base 14
-127a2
What is -201210002121 (base 3) in base 11?
-246590
What is -6a198 (base 12) in base 13?
-4c7c9
-702352 (base 8) to base 16
-384ea
-70be5 (base 15) to base 13
-c66a7
-11101000101001000101 (base 2) to base 10
-952901
Convert -30214020 (base 6) to base 4.
-3101112330
Convert 344132004 (base 5) to base 13.
424627
What is 958e8 (base 15) in base 13?
137ca5
What is -56d0ba (base 14) in base 7?
-34056323
What is -11206 (base 8) in base 15?
-1612
c757 (base 14) to base 6
423053
Convert -4a9ab (base 13) to base 6.
-2542152
-7efee (base 16) to base 6
-15052114
Convert -45552101 (base 6) to base 9.
-2561771
Convert -c2a08 (base 16) to base 3.
-1111111112122
What is 37aa76 (base 11) in base 9?
1114336
What is -16774b5 (base 12) in base 2?
-10001101100000100001001
-2000001112221 (base 3) to base 6
-34445554
What is -179065 (base 11) in base 5?
-32304323
What is 100570 (base 10) in base 15?
1ebea
Convert -20010240 (base 5) to base 11.
-a7a08
-2987022 (base 10) to base 14
-57a7ca
-2304115 (base 7) to base 16
-461b0
2511353 (base 6) to base 14
36ac5
What is 166ff (base 16) in base 2?
10110011011111111
Convert -11232102103 (base 4) to base 5.
-341002212
Convert 110101101110101110 (base 2) to base 5.
24020303
Convert 414135412 (base 6) to base 4.
123131103200
What is 19370 (base 15) in base 14?
21b36
Convert 13331133 (base 4) to base 15.
99dc
What is -84461 (base 11) in base 2?
-11110000001111011
Convert 40871828 (base 9) to base 2.
1001010111101110000001110
574a6 (base 12) to base 11
7a56a
Convert -38e40b (base 16) to base 15.
-4d9a9a
Convert 57448 (base 13) to base 11.
a9443
Convert 6402120 (base 9) to base 10.
3426399
10121210221 (base 4) to base 11
718564
Convert 200335 (base 7) to base 6.
420231
Convert -a3a1 (base 14) to base 4.
-12320021
What is 334207 (base 8) in base 15?
23635
623386 (base 10) to base 2
10011000001100011010
What is -6385046 (base 9) in base 10?
-3421968
Convert -25b2e1 (base 15) to base 13.
-4b4909
Convert 14055455 (base 6) to base 11.
2a4391
What is f4e91 (base 16) in base 11?
625758
-6067448 (base 10) to base 14
-b3d252
647333 (base 8) to base 9
360343
Convert -8034084 (base 9) to base 13.
-b6861b
313321110 (base 4) to base 10
228948
Convert 31210411 (base 6) to base 12.
376a07
Convert 9a0520 (base 15) to base 4.
130000123110
Convert -68728b (base 12) to base 16.
-1980cb
-31651b (base 14) to base 6
-55440301
Convert -1010010101111101100 (base 2) to base 5.
-41321144
What is 2958a (base 11) in base 6?
522140
Convert 6635700 (base 11) to base 8.
54334171
What is -101110010011100100101 (base 2) in base 5?
-342023344
24c20 (base 16) to base 5
14304220
What is 22693a (base 11) in base 9?
608457
What is 11110110110111 (base 2) in base 12?
9187
What is 100011011111100111 (base 2) in base 15?
2d123
Convert -1000110110110111100 (base 2) to base 8.
-1066674
What is e6f70 (base 16) in base 4?
3212331300
-10001211122 (base 3) to base 10
-60389
What is -290d7a (base 15) in base 5?
-1001234130
What is 112212121001 (base 3) in base 11?
18aa58
-2001022102 (base 3) to base 2
-1001110110000010
What is 258460 (base 13) in base 9?
1626604
What is -441216 (base 8) in base 16?
-2428e
11445811 (base 9) to base 15
753a1d
Convert 3075436 (base 8) to base 11.
5095a1
Convert 1740174 (base 8) to base 13.
14a311
What is -178a1a9 (base 15) in base 12?
-58aa120
Convert -564366 (base 7) to base 15.
-1e973
What is 4354296 (base 10) in base 2?
10000100111000011111000
5a0c (base 16) to base 9
34553
What is a1482 (base 12) in base 9?
348658
What is -100414014 (base 5) in base 16?
-62b23
Convert 1663523 (base 7) to base 9.
386218
-1204230411 (base 5) to base 12
-b333aa
What is 4401403230 (base 5) in base 6?
533315005
Convert 11101100110110001 (base 2) to base 12.
5a215
Convert 10524101 (base 6) to base 3.
121101010101
What is -b250ab (base 13) in base 7?
-50203221
Convert -133030303 (base 5) to base 11.
-420291
Convert 99338 (base 10) to base 4.
120100022
Convert 211030310 (base 4) to base 2.
100101001100110100
-111011101000011100 (base 2) to base 5
-30304002
-3330213413 (base 5) to base 12
-2528a9b
What is -1101010110010101000111 (base 2) in base 15?
-491c90
Convert 235040423 (base 6) to base 3.
22100110022220
Convert 12b07a8 (base 13) to base 2.
10110011100101111010111
6254136 (base 8) to base 11
a34a50
27766 (base 13) to base 14
1cc52
1010220202002 (base 3) to base 13
183c9b
Convert 3637878 (base 10) to base 13.
9a4aba
Convert -314544252 (base 6) to base 15.
-749895
Convert -110011